{"id":712,"date":"2025-10-13T21:42:43","date_gmt":"2025-10-13T19:42:43","guid":{"rendered":"https:\/\/chsaintbarth.fr\/?page_id=712"},"modified":"2026-03-13T17:10:05","modified_gmt":"2026-03-13T16:10:05","slug":"ssiad","status":"publish","type":"page","link":"https:\/\/chsaintbarth.fr\/?page_id=712","title":{"rendered":"SSIAD"},"content":{"rendered":"\t\t<div data-elementor-type=\"wp-page\" data-elementor-id=\"712\" class=\"elementor elementor-712\">\n\t\t\t\t<div class=\"elementor-element elementor-element-5328c42 e-flex e-con-boxed e-con e-parent\" data-id=\"5328c42\" data-element_type=\"container\" data-e-type=\"container\">\n\t\t\t\t\t<div class=\"e-con-inner\">\n\t\t\t\t<div class=\"elementor-element elementor-element-479824f cpel-switcher--align-right cpel-switcher--layout-horizontal cpel-switcher--aspect-ratio-43 elementor-widget elementor-widget-polylang-language-switcher\" data-id=\"479824f\" data-element_type=\"widget\" data-e-type=\"widget\" data-widget_type=\"polylang-language-switcher.default\">\n\t\t\t\t<div class=\"elementor-widget-container\">\n\t\t\t\t\t<nav class=\"cpel-switcher__nav\"><ul class=\"cpel-switcher__list\"><li class=\"cpel-switcher__lang\"><a lang=\"fr-FR\" hreflang=\"fr-FR\" href=\"https:\/\/chsaintbarth.fr\/?page_id=712\"><span class=\"cpel-switcher__flag cpel-switcher__flag--fr\"><img decoding=\"async\" src=\"data:image\/svg+xml;base64,PHN2ZyB3aWR0aD0iMjEiIGhlaWdodD0iMTUiIHhtbG5zPSJodHRwOi8vd3d3LnczLm9yZy8yMDAwL3N2ZyI+PGRlZnM+PGxpbmVhckdyYWRpZW50IHgxPSI1MCUiIHkxPSIwJSIgeDI9IjUwJSIgeTI9IjEwMCUiIGlkPSJhIj48c3RvcCBzdG9wLWNvbG9yPSIjRkZGIiBvZmZzZXQ9IjAlIi8+PHN0b3Agc3RvcC1jb2xvcj0iI0YwRjBGMCIgb2Zmc2V0PSIxMDAlIi8+PC9saW5lYXJHcmFkaWVudD48bGluZWFyR3JhZGllbnQgeDE9IjUwJSIgeTE9IjAlIiB4Mj0iNTAlIiB5Mj0iMTAwJSIgaWQ9ImIiPjxzdG9wIHN0b3AtY29sb3I9IiNGNDQ2NTMiIG9mZnNldD0iMCUiLz48c3RvcCBzdG9wLWNvbG9yPSIjRUUyQTM5IiBvZmZzZXQ9IjEwMCUiLz48L2xpbmVhckdyYWRpZW50PjxsaW5lYXJHcmFkaWVudCB4MT0iNTAlIiB5MT0iMCUiIHgyPSI1MCUiIHkyPSIxMDAlIiBpZD0iYyI+PHN0b3Agc3RvcC1jb2xvcj0iIzEwMzVCQiIgb2Zmc2V0PSIwJSIvPjxzdG9wIHN0b3AtY29sb3I9IiMwNDIzOTYiIG9mZnNldD0iMTAwJSIvPjwvbGluZWFyR3JhZGllbnQ+PC9kZWZzPjxnIGZpbGw9Im5vbmUiIGZpbGwtcnVsZT0iZXZlbm9kZCI+PHBhdGggZmlsbD0idXJsKCNhKSIgZD0iTTAgMGgyMXYxNUgweiIvPjxwYXRoIGZpbGw9InVybCgjYikiIGQ9Ik0xMCAwaDExdjE1SDEweiIvPjxwYXRoIGZpbGw9InVybCgjYykiIGQ9Ik0wIDBoN3YxNUgweiIvPjxwYXRoIGZpbGw9InVybCgjYSkiIGQ9Ik03IDBoN3YxNUg3eiIvPjwvZz48L3N2Zz4=\" alt=\"Fran\u00e7ais\" \/><\/span><\/a><\/li><li class=\"cpel-switcher__lang\"><a lang=\"en-US\" hreflang=\"en-US\" href=\"https:\/\/chsaintbarth.fr\/?page_id=1543&#038;lang=en\"><span class=\"cpel-switcher__flag cpel-switcher__flag--us\"><img decoding=\"async\" src=\"data:image\/svg+xml;base64,PHN2ZyB3aWR0aD0iMjEiIGhlaWdodD0iMTUiIHhtbG5zPSJodHRwOi8vd3d3LnczLm9yZy8yMDAwL3N2ZyI+PGRlZnM+PGxpbmVhckdyYWRpZW50IHgxPSI1MCUiIHkxPSIwJSIgeDI9IjUwJSIgeTI9IjEwMCUiIGlkPSJhIj48c3RvcCBzdG9wLWNvbG9yPSIjRkZGIiBvZmZzZXQ9IjAlIi8+PHN0b3Agc3RvcC1jb2xvcj0iI0YwRjBGMCIgb2Zmc2V0PSIxMDAlIi8+PC9saW5lYXJHcmFkaWVudD48bGluZWFyR3JhZGllbnQgeDE9IjUwJSIgeTE9IjAlIiB4Mj0iNTAlIiB5Mj0iMTAwJSIgaWQ9ImIiPjxzdG9wIHN0b3AtY29sb3I9IiNEMDJGNDQiIG9mZnNldD0iMCUiLz48c3RvcCBzdG9wLWNvbG9yPSIjQjEyNTM3IiBvZmZzZXQ9IjEwMCUiLz48L2xpbmVhckdyYWRpZW50PjxsaW5lYXJHcmFkaWVudCB4MT0iNTAlIiB5MT0iMCUiIHgyPSI1MCUiIHkyPSIxMDAlIiBpZD0iYyI+PHN0b3Agc3RvcC1jb2xvcj0iIzQ2NDY3RiIgb2Zmc2V0PSIwJSIvPjxzdG9wIHN0b3AtY29sb3I9IiMzQzNDNkQiIG9mZnNldD0iMTAwJSIvPjwvbGluZWFyR3JhZGllbnQ+PC9kZWZzPjxnIGZpbGw9Im5vbmUiIGZpbGwtcnVsZT0iZXZlbm9kZCI+PHBhdGggZmlsbD0idXJsKCNhKSIgZD0iTTAgMGgyMXYxNUgweiIvPjxwYXRoIGQ9Ik0wIDBoMjF2MUgwVjB6bTAgMmgyMXYxSDBWMnptMCAyaDIxdjFIMFY0em0wIDJoMjF2MUgwVjZ6bTAgMmgyMXYxSDBWOHptMCAyaDIxdjFIMHYtMXptMCAyaDIxdjFIMHYtMXptMCAyaDIxdjFIMHYtMXoiIGZpbGw9InVybCgjYikiLz48cGF0aCBmaWxsPSJ1cmwoI2MpIiBkPSJNMCAwaDl2N0gweiIvPjxwYXRoIGQ9Ik0xLjUgMmEuNS41IDAgMTEwLTEgLjUuNSAwIDAxMCAxem0yIDBhLjUuNSAwIDExMC0xIC41LjUgMCAwMTAgMXptMiAwYS41LjUgMCAxMTAtMSAuNS41IDAgMDEwIDF6bTIgMGEuNS41IDAgMTEwLTEgLjUuNSAwIDAxMCAxem0tNSAxYS41LjUgMCAxMTAtMSAuNS41IDAgMDEwIDF6bTIgMGEuNS41IDAgMTEwLTEgLjUuNSAwIDAxMCAxem0yIDBhLjUuNSAwIDExMC0xIC41LjUgMCAwMTAgMXptMSAxYS41LjUgMCAxMTAtMSAuNS41IDAgMDEwIDF6bS0yIDBhLjUuNSAwIDExMC0xIC41LjUgMCAwMTAgMXptLTIgMGEuNS41IDAgMTEwLTEgLjUuNSAwIDAxMCAxem0tMiAwYS41LjUgMCAxMTAtMSAuNS41IDAgMDEwIDF6bTEgMWEuNS41IDAgMTEwLTEgLjUuNSAwIDAxMCAxem0yIDBhLjUuNSAwIDExMC0xIC41LjUgMCAwMTAgMXptMiAwYS41LjUgMCAxMTAtMSAuNS41IDAgMDEwIDF6bTEgMWEuNS41IDAgMTEwLTEgLjUuNSAwIDAxMCAxem0tMiAwYS41LjUgMCAxMTAtMSAuNS41IDAgMDEwIDF6bS0yIDBhLjUuNSAwIDExMC0xIC41LjUgMCAwMTAgMXptLTIgMGEuNS41IDAgMTEwLTEgLjUuNSAwIDAxMCAxeiIgZmlsbD0idXJsKCNhKSIvPjwvZz48L3N2Zz4=\" alt=\"English\" \/><\/span><\/a><\/li><li class=\"cpel-switcher__lang\"><a lang=\"pt-AO\" hreflang=\"pt-AO\" href=\"https:\/\/chsaintbarth.fr\/?page_id=1712&#038;lang=pt\"><span class=\"cpel-switcher__flag cpel-switcher__flag--pt\"><img decoding=\"async\" src=\"data:image\/svg+xml;base64,PHN2ZyB3aWR0aD0iMjEiIGhlaWdodD0iMTUiIHhtbG5zPSJodHRwOi8vd3d3LnczLm9yZy8yMDAwL3N2ZyI+PGRlZnM+PGxpbmVhckdyYWRpZW50IHgxPSI1MCUiIHkxPSIwJSIgeDI9IjUwJSIgeTI9IjEwMCUiIGlkPSJhIj48c3RvcCBzdG9wLWNvbG9yPSIjRkZGIiBvZmZzZXQ9IjAlIi8+PHN0b3Agc3RvcC1jb2xvcj0iI0YwRjBGMCIgb2Zmc2V0PSIxMDAlIi8+PC9saW5lYXJHcmFkaWVudD48bGluZWFyR3JhZGllbnQgeDE9IjUwJSIgeTE9IjAlIiB4Mj0iNTAlIiB5Mj0iMTAwJSIgaWQ9ImIiPjxzdG9wIHN0b3AtY29sb3I9IiNGRjI5MzYiIG9mZnNldD0iMCUiLz48c3RvcCBzdG9wLWNvbG9yPSIjRkQwRDFCIiBvZmZzZXQ9IjEwMCUiLz48L2xpbmVhckdyYWRpZW50PjxsaW5lYXJHcmFkaWVudCB4MT0iNTAlIiB5MT0iMCUiIHgyPSI1MCUiIHkyPSIxMDAlIiBpZD0iYyI+PHN0b3Agc3RvcC1jb2xvcj0iIzEyODQxNSIgb2Zmc2V0PSIwJSIvPjxzdG9wIHN0b3AtY29sb3I9IiMwQTY1MEMiIG9mZnNldD0iMTAwJSIvPjwvbGluZWFyR3JhZGllbnQ+PGxpbmVhckdyYWRpZW50IHgxPSI1MCUiIHkxPSIwJSIgeDI9IjUwJSIgeTI9IjEwMCUiIGlkPSJkIj48c3RvcCBzdG9wLWNvbG9yPSIjRkFGOTRGIiBvZmZzZXQ9IjAlIi8+PHN0b3Agc3RvcC1jb2xvcj0iI0Y4RjczNiIgb2Zmc2V0PSIxMDAlIi8+PC9saW5lYXJHcmFkaWVudD48bGluZWFyR3JhZGllbnQgeDE9IjUwJSIgeTE9IjAlIiB4Mj0iNTAlIiB5Mj0iMTAwJSIgaWQ9ImUiPjxzdG9wIHN0b3AtY29sb3I9IiMxRDUwQjUiIG9mZnNldD0iMCUiLz48c3RvcCBzdG9wLWNvbG9yPSIjMTU0MzlEIiBvZmZzZXQ9IjEwMCUiLz48L2xpbmVhckdyYWRpZW50PjwvZGVmcz48ZyBmaWxsPSJub25lIiBmaWxsLXJ1bGU9ImV2ZW5vZGQiPjxwYXRoIGZpbGw9InVybCgjYSkiIGQ9Ik0wIDBoMjF2MTVIMHoiLz48cGF0aCBmaWxsPSJ1cmwoI2IpIiBkPSJNMCAwaDIxdjE1SDB6Ii8+PHBhdGggZmlsbD0idXJsKCNjKSIgZD0iTTAgMGg4djE1SDB6Ii8+PHBhdGggZD0iTTggOS41YTIgMiAwIDEwMC00IDIgMiAwIDAwMCA0em0wIDFhMyAzIDAgMTEwLTYgMyAzIDAgMDEwIDZ6IiBmaWxsPSJ1cmwoI2QpIiBmaWxsLXJ1bGU9Im5vbnplcm8iLz48cGF0aCBkPSJNNyA2LjI1NkEuMjUuMjUgMCAwMTcuMjQ1IDZoMS41MUEuMjUuMjUgMCAwMTkgNi4yNTZWOGEuOTk3Ljk5NyAwIDAxLTEgMWMtLjU1MiAwLTEtLjQ0My0xLS45OTlWNi4yNTZ6IiBmaWxsPSJ1cmwoI2EpIi8+PHBhdGggZD0iTTggOGMuMjc2IDAgLjUtLjcyNC41LTFhLjUuNSAwIDAwLTEgMGMwIC4yNzYuMjI0IDEgLjUgMXoiIGZpbGw9InVybCgjZSkiLz48L2c+PC9zdmc+\" alt=\"Portugu\u00eas\" \/><\/span><\/a><\/li><\/ul><\/nav>\t\t\t\t<\/div>\n\t\t\t\t<\/div>\n\t\t\t\t\t<\/div>\n\t\t\t\t<\/div>\n\t\t<div class=\"elementor-element elementor-element-12fc22d e-flex e-con-boxed e-con e-parent\" data-id=\"12fc22d\" data-element_type=\"container\" data-e-type=\"container\">\n\t\t\t\t\t<div class=\"e-con-inner\">\n\t\t\t\t<div class=\"elementor-element elementor-element-2d20f0d elementor-widget elementor-widget-cta\" data-id=\"2d20f0d\" data-element_type=\"widget\" data-e-type=\"widget\" data-settings=\"{&quot;layout_preset&quot;:&quot;showcase&quot;,&quot;layout_column_structure&quot;:&quot;50-50&quot;,&quot;image_horizontal_position&quot;:&quot;start&quot;,&quot;image_horizontal_position_tablet&quot;:&quot;start&quot;,&quot;image_horizontal_position_mobile&quot;:&quot;start&quot;,&quot;content_position_vertical&quot;:&quot;start&quot;,&quot;content_position_vertical_tablet&quot;:&quot;start&quot;,&quot;content_position_vertical_mobile&quot;:&quot;start&quot;,&quot;image_shape&quot;:&quot;sharp&quot;,&quot;primary_button_shape&quot;:&quot;default&quot;,&quot;secondary_button_shape&quot;:&quot;default&quot;,&quot;box_shape&quot;:&quot;sharp&quot;}\" data-widget_type=\"cta.default\">\n\t\t\t\t<div class=\"elementor-widget-container\">\n\t\t\t\t\t\t\t<div class=\"has-shape-sharp shape-type-box ehp-cta has-preset-showcase\">\n\t\t\t<div class=\"ehp-cta__overlay\"><\/div>\n\t\t\t<div class=\"has-column-structure-50-50  ehp-cta__elements-container has-image-position-start has-image-position-md-start has-image-position-sm-start\">\n\t\t\t\t\t\t\t<div class=\"ehp-image ehp-cta__image-container\">\n\t\t\t\t<img decoding=\"async\" class=\"ehp-image__img ehp-cta__img has-shape-sharp shape-type-image\" src=\"https:\/\/chsaintbarth.fr\/wp-content\/uploads\/2025\/11\/Interaction-chaleureuse-en-salon-lumineux.png\" title=\"Interaction chaleureuse en salon lumineux\" alt=\"Interaction chaleureuse en salon lumineux\" loading=\"lazy\" \/>\t\t\t<\/div>\n\t\t\t\t\t<div class=\"ehp-cta__text-container\">\n\t\t\t<h2 class=\"ehp-cta__heading\">SSIAD<\/h2><p class=\"ehp-cta__description\">D\u00e9couvrez nos solutions \u00e0 domicile.<\/p>\t\t\t<div class=\"ehp-cta__ctas-container\">\n\t\t\t\t<div class=\"ehp-cta__buttons-wrapper\">\n\t\t\t\t\t\t\t\t\t\t\t\t<a class=\"has-shape-default shape-type-button ehp-button ehp-button--secondary ehp-cta__button ehp-cta__button--secondary is-type-button has-border\" href=\"https:\/\/chsaintbarth.fr\/?page_id=242\">\n\t\t\t\t\t<span class=\"ehp-button__text ehp-cta__button-text ehp-cta__button-text--secondary\">\n\t\t\tNous contacter\t\t\t\t<\/a>\n\t\t\t\t\t\t<\/div>\n\t\t\t<\/div>\n\t\t\t\t<\/div>\n\t\t\t\t\t<\/div>\n\t\t<\/div>\n\t\t\t\t\t\t<\/div>\n\t\t\t\t<\/div>\n\t\t\t\t\t<\/div>\n\t\t\t\t<\/div>\n\t\t<div class=\"elementor-element elementor-element-b265069 e-flex e-con-boxed e-con e-parent\" data-id=\"b265069\" data-element_type=\"container\" data-e-type=\"container\">\n\t\t\t\t\t<div class=\"e-con-inner\">\n\t\t\t\t<div class=\"elementor-element elementor-element-63cb0a0 elementor-widget elementor-widget-text-editor\" data-id=\"63cb0a0\" data-element_type=\"widget\" data-e-type=\"widget\" data-widget_type=\"text-editor.default\">\n\t\t\t\t\t\t\t\t\t<h2 data-start=\"258\" data-end=\"314\"><strong data-start=\"264\" data-end=\"314\">Service de Soins Infirmiers \u00c0 Domicile (SSIAD)<\/strong><\/h2><h3 data-start=\"316\" data-end=\"341\">Pr\u00e9sentation g\u00e9n\u00e9rale<\/h3><p data-start=\"342\" data-end=\"705\">Le <strong data-start=\"345\" data-end=\"395\">Service de Soins Infirmiers \u00c0 Domicile (SSIAD)<\/strong> assure, au domicile des personnes \u00e2g\u00e9es ou en situation de handicap, des <strong data-start=\"469\" data-end=\"502\">soins infirmiers et d\u2019hygi\u00e8ne<\/strong>, r\u00e9alis\u00e9s par des professionnels qualifi\u00e9s.<br data-start=\"546\" data-end=\"549\" \/>Il s\u2019adresse aux personnes qui souhaitent rester chez elles tout en b\u00e9n\u00e9ficiant d\u2019un accompagnement adapt\u00e9 \u00e0 leur \u00e9tat de sant\u00e9 et \u00e0 leur degr\u00e9 d\u2019autonomie.<\/p><p data-start=\"707\" data-end=\"855\">L\u2019objectif du SSIAD est de <strong data-start=\"734\" data-end=\"767\">pr\u00e9venir la perte d\u2019autonomie<\/strong>, de soutenir le maintien \u00e0 domicile et d\u2019am\u00e9liorer la qualit\u00e9 de vie des b\u00e9n\u00e9ficiaires.<\/p><hr data-start=\"857\" data-end=\"860\" \/><h3 data-start=\"862\" data-end=\"878\">Nos missions<\/h3><p data-start=\"879\" data-end=\"905\">Le SSIAD intervient pour :<\/p><ul data-start=\"907\" data-end=\"1416\"><li data-start=\"907\" data-end=\"1020\"><p data-start=\"909\" data-end=\"1020\"><strong data-start=\"909\" data-end=\"954\">Assurer des soins d\u2019hygi\u00e8ne et de confort<\/strong><br data-start=\"954\" data-end=\"957\" \/>(toilette, mobilisation, habillage, pr\u00e9vention des escarres\u2026)<\/p><\/li><li data-start=\"1021\" data-end=\"1080\"><p data-start=\"1023\" data-end=\"1080\"><strong data-start=\"1023\" data-end=\"1080\">R\u00e9aliser ou coordonner les soins infirmiers prescrits<\/strong><\/p><\/li><li data-start=\"1081\" data-end=\"1176\"><p data-start=\"1083\" data-end=\"1176\"><strong data-start=\"1083\" data-end=\"1118\">Soutenir le maintien \u00e0 domicile<\/strong> pour \u00e9viter une hospitalisation ou en faciliter le retour<\/p><\/li><li data-start=\"1177\" data-end=\"1237\"><p data-start=\"1179\" data-end=\"1237\"><strong data-start=\"1179\" data-end=\"1237\">Participer \u00e0 la pr\u00e9vention et \u00e0 l\u2019\u00e9ducation \u00e0 la sant\u00e9<\/strong><\/p><\/li><li data-start=\"1238\" data-end=\"1321\"><p data-start=\"1240\" data-end=\"1321\"><strong data-start=\"1240\" data-end=\"1276\">Accompagner la perte d\u2019autonomie<\/strong> avec bienveillance et respect de la personne<\/p><\/li><li data-start=\"1322\" data-end=\"1416\"><p data-start=\"1324\" data-end=\"1416\"><strong data-start=\"1324\" data-end=\"1356\">Coordonner les interventions<\/strong> avec les m\u00e9decins, infirmiers, kin\u00e9sith\u00e9rapeutes et aidants<\/p><\/li><\/ul><p data-start=\"1418\" data-end=\"1530\">Le service intervient dans une logique globale, associant <strong data-start=\"1476\" data-end=\"1529\">soins, pr\u00e9vention, accompagnement et coordination<\/strong>.<\/p><hr data-start=\"1532\" data-end=\"1535\" \/><h3 data-start=\"1537\" data-end=\"1558\">Public accompagn\u00e9<\/h3><p data-start=\"1559\" data-end=\"1579\">Le SSIAD s\u2019adresse :<\/p><ul data-start=\"1581\" data-end=\"1839\"><li data-start=\"1581\" data-end=\"1659\"><p data-start=\"1583\" data-end=\"1659\">Aux <strong data-start=\"1587\" data-end=\"1624\">personnes \u00e2g\u00e9es de 60 ans et plus<\/strong>, malades ou en perte d\u2019autonomie<\/p><\/li><li data-start=\"1660\" data-end=\"1702\"><p data-start=\"1662\" data-end=\"1702\">Aux <strong data-start=\"1666\" data-end=\"1702\">adultes en situation de handicap<\/strong><\/p><\/li><li data-start=\"1703\" data-end=\"1839\"><p data-start=\"1705\" data-end=\"1839\">Aux personnes n\u00e9cessitant un soutien temporaire apr\u00e8s une hospitalisation<br data-start=\"1778\" data-end=\"1781\" \/>(soins de suite, perte de mobilit\u00e9, fragilit\u00e9 passag\u00e8re)<\/p><\/li><\/ul><p data-start=\"1841\" data-end=\"1932\">L\u2019admission se fait sur <strong data-start=\"1865\" data-end=\"1890\">prescription m\u00e9dicale<\/strong>, apr\u00e8s \u00e9valuation des besoins \u00e0 domicile.<\/p><hr data-start=\"1934\" data-end=\"1937\" \/><h3 data-start=\"1939\" data-end=\"1980\">Une \u00e9quipe professionnelle et engag\u00e9e<\/h3><p data-start=\"1981\" data-end=\"2064\">La prise en charge est r\u00e9alis\u00e9e par une <strong data-start=\"2021\" data-end=\"2050\">\u00e9quipe pluridisciplinaire<\/strong>, comprenant :<\/p><ul data-start=\"2066\" data-end=\"2245\"><li data-start=\"2066\" data-end=\"2110\"><p data-start=\"2068\" data-end=\"2110\"><strong data-start=\"2068\" data-end=\"2088\">Infirmiers(\u00e8res)<\/strong> coordinateurs(trices)<\/p><\/li><li data-start=\"2111\" data-end=\"2137\"><p data-start=\"2113\" data-end=\"2137\"><strong data-start=\"2113\" data-end=\"2135\">Aides-soignant(e)s<\/strong><\/p><\/li><li data-start=\"2138\" data-end=\"2245\"><p data-start=\"2140\" data-end=\"2245\">Interventions possibles de professionnels partenaires : IDE lib\u00e9raux, kin\u00e9sith\u00e9rapeutes, ergoth\u00e9rapeutes\u2026<\/p><\/li><\/ul><p data-start=\"2247\" data-end=\"2376\">L\u2019\u00e9quipe intervient 7 jours sur 7 selon les besoins des b\u00e9n\u00e9ficiaires, dans le respect de leur rythme de vie et de leur intimit\u00e9.<\/p><hr data-start=\"2378\" data-end=\"2381\" \/><h3 data-start=\"2383\" data-end=\"2438\">Notre approche : qualit\u00e9, s\u00e9curit\u00e9 et bientraitance<\/h3><p data-start=\"2439\" data-end=\"2503\">Le SSIAD s\u2019inscrit dans la d\u00e9marche qualit\u00e9 de l\u2019\u00e9tablissement :<\/p><ul data-start=\"2505\" data-end=\"2866\"><li data-start=\"2505\" data-end=\"2562\"><p data-start=\"2507\" data-end=\"2562\">\u00c9valuations r\u00e9guli\u00e8res des pratiques professionnelles<\/p><\/li><li data-start=\"2563\" data-end=\"2630\"><p data-start=\"2565\" data-end=\"2630\">D\u00e9marche de <strong data-start=\"2577\" data-end=\"2594\">bientraitance<\/strong> et respect des droits des usagers<\/p><\/li><li data-start=\"2631\" data-end=\"2680\"><p data-start=\"2633\" data-end=\"2680\">Coordination avec les familles et les aidants<\/p><\/li><li data-start=\"2681\" data-end=\"2745\"><p data-start=\"2683\" data-end=\"2745\">Pr\u00e9vention des risques li\u00e9s \u00e0 la d\u00e9pendance et \u00e0 l\u2019isolement<\/p><\/li><li data-start=\"2746\" data-end=\"2810\"><p data-start=\"2748\" data-end=\"2810\">Mise en \u0153uvre d\u2019un <strong data-start=\"2767\" data-end=\"2808\">projet individualis\u00e9 d\u2019accompagnement<\/strong><\/p><\/li><li data-start=\"2811\" data-end=\"2866\"><p data-start=\"2813\" data-end=\"2866\">D\u00e9veloppement du maintien de l\u2019autonomie au quotidien<\/p><\/li><\/ul><p data-start=\"2868\" data-end=\"2978\">Chaque intervention est pens\u00e9e pour soutenir la personne, pr\u00e9server sa dignit\u00e9 et s\u00e9curiser son environnement.<\/p><hr data-start=\"2980\" data-end=\"2983\" \/><h3 data-start=\"2985\" data-end=\"3016\">Admission et fonctionnement<\/h3><p data-start=\"3017\" data-end=\"3061\">L\u2019admission se d\u00e9roule en plusieurs \u00e9tapes :<\/p><ol data-start=\"3063\" data-end=\"3296\"><li data-start=\"3063\" data-end=\"3127\"><p data-start=\"3066\" data-end=\"3127\"><strong data-start=\"3066\" data-end=\"3091\">Prescription m\u00e9dicale<\/strong> (m\u00e9decin traitant ou hospitalier)<\/p><\/li><li data-start=\"3128\" data-end=\"3196\"><p data-start=\"3131\" data-end=\"3196\"><strong data-start=\"3131\" data-end=\"3165\">Visite d\u2019\u00e9valuation \u00e0 domicile<\/strong> par l\u2019infirmier coordinateur<\/p><\/li><li data-start=\"3197\" data-end=\"3250\"><p data-start=\"3200\" data-end=\"3250\">\u00c9laboration d\u2019un <strong data-start=\"3217\" data-end=\"3248\">plan de soins individualis\u00e9<\/strong><\/p><\/li><li data-start=\"3251\" data-end=\"3296\"><p data-start=\"3254\" data-end=\"3296\">Mise en place des interventions \u00e0 domicile<\/p><\/li><\/ol><p data-start=\"3298\" data-end=\"3407\">Le service est financ\u00e9 par l\u2019Assurance Maladie : <strong data-start=\"3347\" data-end=\"3388\">aucune avance de frais n\u2019est demand\u00e9e<\/strong> aux b\u00e9n\u00e9ficiaires.<\/p><hr data-start=\"3409\" data-end=\"3412\" \/><h3 data-start=\"3414\" data-end=\"3425\">Contact<\/h3><p data-start=\"3426\" data-end=\"3546\">\ud83d\udcde T\u00e9l\u00e9phone : <strong>+590 690 52 32 44<\/strong><br data-start=\"3456\" data-end=\"3459\" \/>\ud83d\udce7 Email SSIAD : <strong>ssiad@chsaintbarth.fr<\/strong><br data-start=\"3491\" data-end=\"3494\" \/>\ud83d\udccd Zone d\u2019intervention : <strong>Toute l&rsquo;\u00eele<\/strong><\/p><p data-start=\"3548\" data-end=\"3658\">L\u2019\u00e9quipe se tient \u00e0 votre disposition pour toute demande d\u2019information, d\u2019admission ou de visite d\u2019\u00e9valuation.<\/p>\t\t\t\t\t\t\t\t<\/div>\n\t\t\t\t\t<\/div>\n\t\t\t\t<\/div>\n\t\t\t\t<\/div>\n\t\t","protected":false},"excerpt":{"rendered":"<p>SSIAD D\u00e9couvrez nos solutions \u00e0 domicile. Nous contacter Service de Soins Infirmiers \u00c0 Domicile (SSIAD) Pr\u00e9sentation g\u00e9n\u00e9rale Le Service de Soins Infirmiers \u00c0 Domicile (SSIAD) assure, au domicile des personnes \u00e2g\u00e9es ou en situation de handicap, des soins infirmiers et d\u2019hygi\u00e8ne, r\u00e9alis\u00e9s par des professionnels qualifi\u00e9s.Il s\u2019adresse aux personnes qui souhaitent rester chez elles tout [&hellip;]<\/p>\n","protected":false},"author":1,"featured_media":0,"parent":0,"menu_order":0,"comment_status":"closed","ping_status":"closed","template":"","meta":{"_exactmetrics_skip_tracking":false,"_exactmetrics_sitenote_active":false,"_exactmetrics_sitenote_note":"","_exactmetrics_sitenote_category":0,"footnotes":""},"class_list":["post-712","page","type-page","status-publish","hentry"],"_links":{"self":[{"href":"https:\/\/chsaintbarth.fr\/index.php?rest_route=\/wp\/v2\/pages\/712","targetHints":{"allow":["GET"]}}],"collection":[{"href":"https:\/\/chsaintbarth.fr\/index.php?rest_route=\/wp\/v2\/pages"}],"about":[{"href":"https:\/\/chsaintbarth.fr\/index.php?rest_route=\/wp\/v2\/types\/page"}],"author":[{"embeddable":true,"href":"https:\/\/chsaintbarth.fr\/index.php?rest_route=\/wp\/v2\/users\/1"}],"replies":[{"embeddable":true,"href":"https:\/\/chsaintbarth.fr\/index.php?rest_route=%2Fwp%2Fv2%2Fcomments&post=712"}],"version-history":[{"count":31,"href":"https:\/\/chsaintbarth.fr\/index.php?rest_route=\/wp\/v2\/pages\/712\/revisions"}],"predecessor-version":[{"id":1869,"href":"https:\/\/chsaintbarth.fr\/index.php?rest_route=\/wp\/v2\/pages\/712\/revisions\/1869"}],"wp:attachment":[{"href":"https:\/\/chsaintbarth.fr\/index.php?rest_route=%2Fwp%2Fv2%2Fmedia&parent=712"}],"curies":[{"name":"wp","href":"https:\/\/api.w.org\/{rel}","templated":true}]}}