{"id":1825,"date":"2026-01-25T17:39:08","date_gmt":"2026-01-25T16:39:08","guid":{"rendered":"https:\/\/chsaintbarth.fr\/?page_id=1825"},"modified":"2026-01-25T17:39:56","modified_gmt":"2026-01-25T16:39:56","slug":"politica-de-privacidade","status":"publish","type":"page","link":"https:\/\/chsaintbarth.fr\/?page_id=1825&lang=pt","title":{"rendered":"Pol\u00edtica de privacidade"},"content":{"rendered":"\t\t<div data-elementor-type=\"wp-page\" data-elementor-id=\"1825\" class=\"elementor elementor-1825\">\n\t\t\t\t<div class=\"elementor-element elementor-element-b6f6a73 e-flex e-con-boxed e-con e-parent\" data-id=\"b6f6a73\" data-element_type=\"container\" data-e-type=\"container\">\n\t\t\t\t\t<div class=\"e-con-inner\">\n\t\t\t\t<div class=\"elementor-element elementor-element-15dbf3b cpel-switcher--align-right cpel-switcher--layout-horizontal cpel-switcher--aspect-ratio-43 elementor-widget elementor-widget-polylang-language-switcher\" data-id=\"15dbf3b\" data-element_type=\"widget\" data-e-type=\"widget\" data-widget_type=\"polylang-language-switcher.default\">\n\t\t\t\t<div class=\"elementor-widget-container\">\n\t\t\t\t\t<nav class=\"cpel-switcher__nav\"><ul class=\"cpel-switcher__list\"><li class=\"cpel-switcher__lang\"><a lang=\"fr-FR\" hreflang=\"fr-FR\" href=\"https:\/\/chsaintbarth.fr\/?page_id=3\"><span class=\"cpel-switcher__flag cpel-switcher__flag--fr\"><img decoding=\"async\" src=\"data:image\/svg+xml;base64,PHN2ZyB3aWR0aD0iMjEiIGhlaWdodD0iMTUiIHhtbG5zPSJodHRwOi8vd3d3LnczLm9yZy8yMDAwL3N2ZyI+PGRlZnM+PGxpbmVhckdyYWRpZW50IHgxPSI1MCUiIHkxPSIwJSIgeDI9IjUwJSIgeTI9IjEwMCUiIGlkPSJhIj48c3RvcCBzdG9wLWNvbG9yPSIjRkZGIiBvZmZzZXQ9IjAlIi8+PHN0b3Agc3RvcC1jb2xvcj0iI0YwRjBGMCIgb2Zmc2V0PSIxMDAlIi8+PC9saW5lYXJHcmFkaWVudD48bGluZWFyR3JhZGllbnQgeDE9IjUwJSIgeTE9IjAlIiB4Mj0iNTAlIiB5Mj0iMTAwJSIgaWQ9ImIiPjxzdG9wIHN0b3AtY29sb3I9IiNGNDQ2NTMiIG9mZnNldD0iMCUiLz48c3RvcCBzdG9wLWNvbG9yPSIjRUUyQTM5IiBvZmZzZXQ9IjEwMCUiLz48L2xpbmVhckdyYWRpZW50PjxsaW5lYXJHcmFkaWVudCB4MT0iNTAlIiB5MT0iMCUiIHgyPSI1MCUiIHkyPSIxMDAlIiBpZD0iYyI+PHN0b3Agc3RvcC1jb2xvcj0iIzEwMzVCQiIgb2Zmc2V0PSIwJSIvPjxzdG9wIHN0b3AtY29sb3I9IiMwNDIzOTYiIG9mZnNldD0iMTAwJSIvPjwvbGluZWFyR3JhZGllbnQ+PC9kZWZzPjxnIGZpbGw9Im5vbmUiIGZpbGwtcnVsZT0iZXZlbm9kZCI+PHBhdGggZmlsbD0idXJsKCNhKSIgZD0iTTAgMGgyMXYxNUgweiIvPjxwYXRoIGZpbGw9InVybCgjYikiIGQ9Ik0xMCAwaDExdjE1SDEweiIvPjxwYXRoIGZpbGw9InVybCgjYykiIGQ9Ik0wIDBoN3YxNUgweiIvPjxwYXRoIGZpbGw9InVybCgjYSkiIGQ9Ik03IDBoN3YxNUg3eiIvPjwvZz48L3N2Zz4=\" alt=\"Fran\u00e7ais\" \/><\/span><\/a><\/li><li class=\"cpel-switcher__lang\"><a lang=\"en-US\" hreflang=\"en-US\" href=\"https:\/\/chsaintbarth.fr\/?page_id=1521&#038;lang=en\"><span class=\"cpel-switcher__flag cpel-switcher__flag--us\"><img decoding=\"async\" src=\"data:image\/svg+xml;base64,PHN2ZyB3aWR0aD0iMjEiIGhlaWdodD0iMTUiIHhtbG5zPSJodHRwOi8vd3d3LnczLm9yZy8yMDAwL3N2ZyI+PGRlZnM+PGxpbmVhckdyYWRpZW50IHgxPSI1MCUiIHkxPSIwJSIgeDI9IjUwJSIgeTI9IjEwMCUiIGlkPSJhIj48c3RvcCBzdG9wLWNvbG9yPSIjRkZGIiBvZmZzZXQ9IjAlIi8+PHN0b3Agc3RvcC1jb2xvcj0iI0YwRjBGMCIgb2Zmc2V0PSIxMDAlIi8+PC9saW5lYXJHcmFkaWVudD48bGluZWFyR3JhZGllbnQgeDE9IjUwJSIgeTE9IjAlIiB4Mj0iNTAlIiB5Mj0iMTAwJSIgaWQ9ImIiPjxzdG9wIHN0b3AtY29sb3I9IiNEMDJGNDQiIG9mZnNldD0iMCUiLz48c3RvcCBzdG9wLWNvbG9yPSIjQjEyNTM3IiBvZmZzZXQ9IjEwMCUiLz48L2xpbmVhckdyYWRpZW50PjxsaW5lYXJHcmFkaWVudCB4MT0iNTAlIiB5MT0iMCUiIHgyPSI1MCUiIHkyPSIxMDAlIiBpZD0iYyI+PHN0b3Agc3RvcC1jb2xvcj0iIzQ2NDY3RiIgb2Zmc2V0PSIwJSIvPjxzdG9wIHN0b3AtY29sb3I9IiMzQzNDNkQiIG9mZnNldD0iMTAwJSIvPjwvbGluZWFyR3JhZGllbnQ+PC9kZWZzPjxnIGZpbGw9Im5vbmUiIGZpbGwtcnVsZT0iZXZlbm9kZCI+PHBhdGggZmlsbD0idXJsKCNhKSIgZD0iTTAgMGgyMXYxNUgweiIvPjxwYXRoIGQ9Ik0wIDBoMjF2MUgwVjB6bTAgMmgyMXYxSDBWMnptMCAyaDIxdjFIMFY0em0wIDJoMjF2MUgwVjZ6bTAgMmgyMXYxSDBWOHptMCAyaDIxdjFIMHYtMXptMCAyaDIxdjFIMHYtMXptMCAyaDIxdjFIMHYtMXoiIGZpbGw9InVybCgjYikiLz48cGF0aCBmaWxsPSJ1cmwoI2MpIiBkPSJNMCAwaDl2N0gweiIvPjxwYXRoIGQ9Ik0xLjUgMmEuNS41IDAgMTEwLTEgLjUuNSAwIDAxMCAxem0yIDBhLjUuNSAwIDExMC0xIC41LjUgMCAwMTAgMXptMiAwYS41LjUgMCAxMTAtMSAuNS41IDAgMDEwIDF6bTIgMGEuNS41IDAgMTEwLTEgLjUuNSAwIDAxMCAxem0tNSAxYS41LjUgMCAxMTAtMSAuNS41IDAgMDEwIDF6bTIgMGEuNS41IDAgMTEwLTEgLjUuNSAwIDAxMCAxem0yIDBhLjUuNSAwIDExMC0xIC41LjUgMCAwMTAgMXptMSAxYS41LjUgMCAxMTAtMSAuNS41IDAgMDEwIDF6bS0yIDBhLjUuNSAwIDExMC0xIC41LjUgMCAwMTAgMXptLTIgMGEuNS41IDAgMTEwLTEgLjUuNSAwIDAxMCAxem0tMiAwYS41LjUgMCAxMTAtMSAuNS41IDAgMDEwIDF6bTEgMWEuNS41IDAgMTEwLTEgLjUuNSAwIDAxMCAxem0yIDBhLjUuNSAwIDExMC0xIC41LjUgMCAwMTAgMXptMiAwYS41LjUgMCAxMTAtMSAuNS41IDAgMDEwIDF6bTEgMWEuNS41IDAgMTEwLTEgLjUuNSAwIDAxMCAxem0tMiAwYS41LjUgMCAxMTAtMSAuNS41IDAgMDEwIDF6bS0yIDBhLjUuNSAwIDExMC0xIC41LjUgMCAwMTAgMXptLTIgMGEuNS41IDAgMTEwLTEgLjUuNSAwIDAxMCAxeiIgZmlsbD0idXJsKCNhKSIvPjwvZz48L3N2Zz4=\" alt=\"English\" \/><\/span><\/a><\/li><li class=\"cpel-switcher__lang\"><a lang=\"pt-AO\" hreflang=\"pt-AO\" href=\"https:\/\/chsaintbarth.fr\/?page_id=1825&#038;lang=pt\"><span class=\"cpel-switcher__flag cpel-switcher__flag--pt\"><img decoding=\"async\" src=\"data:image\/svg+xml;base64,PHN2ZyB3aWR0aD0iMjEiIGhlaWdodD0iMTUiIHhtbG5zPSJodHRwOi8vd3d3LnczLm9yZy8yMDAwL3N2ZyI+PGRlZnM+PGxpbmVhckdyYWRpZW50IHgxPSI1MCUiIHkxPSIwJSIgeDI9IjUwJSIgeTI9IjEwMCUiIGlkPSJhIj48c3RvcCBzdG9wLWNvbG9yPSIjRkZGIiBvZmZzZXQ9IjAlIi8+PHN0b3Agc3RvcC1jb2xvcj0iI0YwRjBGMCIgb2Zmc2V0PSIxMDAlIi8+PC9saW5lYXJHcmFkaWVudD48bGluZWFyR3JhZGllbnQgeDE9IjUwJSIgeTE9IjAlIiB4Mj0iNTAlIiB5Mj0iMTAwJSIgaWQ9ImIiPjxzdG9wIHN0b3AtY29sb3I9IiNGRjI5MzYiIG9mZnNldD0iMCUiLz48c3RvcCBzdG9wLWNvbG9yPSIjRkQwRDFCIiBvZmZzZXQ9IjEwMCUiLz48L2xpbmVhckdyYWRpZW50PjxsaW5lYXJHcmFkaWVudCB4MT0iNTAlIiB5MT0iMCUiIHgyPSI1MCUiIHkyPSIxMDAlIiBpZD0iYyI+PHN0b3Agc3RvcC1jb2xvcj0iIzEyODQxNSIgb2Zmc2V0PSIwJSIvPjxzdG9wIHN0b3AtY29sb3I9IiMwQTY1MEMiIG9mZnNldD0iMTAwJSIvPjwvbGluZWFyR3JhZGllbnQ+PGxpbmVhckdyYWRpZW50IHgxPSI1MCUiIHkxPSIwJSIgeDI9IjUwJSIgeTI9IjEwMCUiIGlkPSJkIj48c3RvcCBzdG9wLWNvbG9yPSIjRkFGOTRGIiBvZmZzZXQ9IjAlIi8+PHN0b3Agc3RvcC1jb2xvcj0iI0Y4RjczNiIgb2Zmc2V0PSIxMDAlIi8+PC9saW5lYXJHcmFkaWVudD48bGluZWFyR3JhZGllbnQgeDE9IjUwJSIgeTE9IjAlIiB4Mj0iNTAlIiB5Mj0iMTAwJSIgaWQ9ImUiPjxzdG9wIHN0b3AtY29sb3I9IiMxRDUwQjUiIG9mZnNldD0iMCUiLz48c3RvcCBzdG9wLWNvbG9yPSIjMTU0MzlEIiBvZmZzZXQ9IjEwMCUiLz48L2xpbmVhckdyYWRpZW50PjwvZGVmcz48ZyBmaWxsPSJub25lIiBmaWxsLXJ1bGU9ImV2ZW5vZGQiPjxwYXRoIGZpbGw9InVybCgjYSkiIGQ9Ik0wIDBoMjF2MTVIMHoiLz48cGF0aCBmaWxsPSJ1cmwoI2IpIiBkPSJNMCAwaDIxdjE1SDB6Ii8+PHBhdGggZmlsbD0idXJsKCNjKSIgZD0iTTAgMGg4djE1SDB6Ii8+PHBhdGggZD0iTTggOS41YTIgMiAwIDEwMC00IDIgMiAwIDAwMCA0em0wIDFhMyAzIDAgMTEwLTYgMyAzIDAgMDEwIDZ6IiBmaWxsPSJ1cmwoI2QpIiBmaWxsLXJ1bGU9Im5vbnplcm8iLz48cGF0aCBkPSJNNyA2LjI1NkEuMjUuMjUgMCAwMTcuMjQ1IDZoMS41MUEuMjUuMjUgMCAwMTkgNi4yNTZWOGEuOTk3Ljk5NyAwIDAxLTEgMWMtLjU1MiAwLTEtLjQ0My0xLS45OTlWNi4yNTZ6IiBmaWxsPSJ1cmwoI2EpIi8+PHBhdGggZD0iTTggOGMuMjc2IDAgLjUtLjcyNC41LTFhLjUuNSAwIDAwLTEgMGMwIC4yNzYuMjI0IDEgLjUgMXoiIGZpbGw9InVybCgjZSkiLz48L2c+PC9zdmc+\" alt=\"Portugu\u00eas\" \/><\/span><\/a><\/li><\/ul><\/nav>\t\t\t\t<\/div>\n\t\t\t\t<\/div>\n\t\t\t\t\t<\/div>\n\t\t\t\t<\/div>\n\t\t<div class=\"elementor-element elementor-element-9971e69 e-flex e-con-boxed e-con e-parent\" data-id=\"9971e69\" data-element_type=\"container\" data-e-type=\"container\">\n\t\t\t\t\t<div class=\"e-con-inner\">\n\t\t\t\t<div class=\"elementor-element elementor-element-3fe5306b elementor-widget elementor-widget-text-editor\" data-id=\"3fe5306b\" data-element_type=\"widget\" data-e-type=\"widget\" data-widget_type=\"text-editor.default\">\n\t\t\t\t\t\t\t\t\t<h3 data-start=\"56\" data-end=\"71\">Quem somos?<\/h3><p data-start=\"73\" data-end=\"145\"><strong data-start=\"73\" data-end=\"92\">Texto sugerido:<\/strong> O endere\u00e7o do nosso site \u00e9: <a class=\"decorated-link\" href=\"https:\/\/chsaintbarth.fr\" target=\"_new\" rel=\"noopener\" data-start=\"121\" data-end=\"144\">https:\/\/chsaintbarth.fr<\/a>.<\/p><hr data-start=\"147\" data-end=\"150\" \/><h3 data-start=\"152\" data-end=\"167\">Coment\u00e1rios<\/h3><p data-start=\"169\" data-end=\"415\"><strong data-start=\"169\" data-end=\"188\">Texto sugerido:<\/strong> Quando deixa um coment\u00e1rio no nosso site, os dados inseridos no formul\u00e1rio de coment\u00e1rios, bem como o seu endere\u00e7o IP e o agente do utilizador do seu navegador, s\u00e3o recolhidos para nos ajudar a detetar coment\u00e1rios indesejados.<\/p><p data-start=\"417\" data-end=\"802\">Uma sequ\u00eancia anonimizada criada a partir do seu endere\u00e7o de e-mail (tamb\u00e9m chamada de hash) pode ser enviada para o servi\u00e7o Gravatar para verificar se o utiliza. As cl\u00e1usulas de privacidade do servi\u00e7o Gravatar est\u00e3o dispon\u00edveis aqui: <a class=\"decorated-link\" href=\"https:\/\/automattic.com\/privacy\/\" target=\"_new\" rel=\"noopener\" data-start=\"652\" data-end=\"683\">https:\/\/automattic.com\/privacy\/<\/a>. Ap\u00f3s a valida\u00e7\u00e3o do seu coment\u00e1rio, a sua fotografia de perfil ficar\u00e1 vis\u00edvel publicamente ao lado do seu coment\u00e1rio.<\/p><hr data-start=\"804\" data-end=\"807\" \/><h3 data-start=\"809\" data-end=\"823\">Multim\u00e9dia<\/h3><p data-start=\"825\" data-end=\"1059\"><strong data-start=\"825\" data-end=\"844\">Texto sugerido:<\/strong> Se carregar imagens para o site, recomendamos que evite carregar imagens que contenham dados EXIF com coordenadas GPS. Os visitantes do site podem descarregar e extrair dados de localiza\u00e7\u00e3o a partir dessas imagens.<\/p><hr data-start=\"1061\" data-end=\"1064\" \/><h3 data-start=\"1066\" data-end=\"1077\">Cookies<\/h3><p data-start=\"1079\" data-end=\"1380\"><strong data-start=\"1079\" data-end=\"1098\">Texto sugerido:<\/strong> Se deixar um coment\u00e1rio no nosso site, poder\u00e1 optar por guardar o seu nome, endere\u00e7o de e-mail e site em cookies. Isto \u00e9 apenas para sua comodidade, para que n\u00e3o tenha de preencher novamente estes dados ao deixar outro coment\u00e1rio mais tarde. Estes cookies expiram ao fim de um ano.<\/p><p data-start=\"1382\" data-end=\"1600\">Se visitar a p\u00e1gina de in\u00edcio de sess\u00e3o, ser\u00e1 criado um cookie tempor\u00e1rio para determinar se o seu navegador aceita cookies. Este cookie n\u00e3o cont\u00e9m dados pessoais e ser\u00e1 eliminado automaticamente ao fechar o navegador.<\/p><p data-start=\"1602\" data-end=\"1948\">Quando iniciar sess\u00e3o, ser\u00e3o configurados v\u00e1rios cookies para guardar as suas informa\u00e7\u00f5es de login e prefer\u00eancias de visualiza\u00e7\u00e3o. Um cookie de login dura dois dias, e um cookie de op\u00e7\u00f5es de ecr\u00e3 dura um ano. Se selecionar \u201cLembrar-me\u201d, o seu cookie de login ser\u00e1 mantido durante duas semanas. Se terminar sess\u00e3o, o cookie de login ser\u00e1 removido.<\/p><p data-start=\"1950\" data-end=\"2149\">Ao editar ou publicar um artigo, ser\u00e1 guardado um cookie adicional no seu navegador. Este cookie n\u00e3o cont\u00e9m dados pessoais. Indica apenas o ID do artigo que acabou de editar. Expira ao fim de um dia.<\/p><hr data-start=\"2151\" data-end=\"2154\" \/><h3 data-start=\"2156\" data-end=\"2196\">Conte\u00fado incorporado de outros sites<\/h3><p data-start=\"2198\" data-end=\"2457\"><strong data-start=\"2198\" data-end=\"2217\">Texto sugerido:<\/strong> Os artigos deste site podem incluir conte\u00fados incorporados (por exemplo, v\u00eddeos, imagens, artigos, etc.). O conte\u00fado incorporado de outros sites comporta-se exatamente da mesma forma como se o visitante estivesse a visitar esse outro site.<\/p><p data-start=\"2459\" data-end=\"2699\">Esses sites podem recolher dados sobre si, utilizar cookies, incorporar ferramentas de rastreamento de terceiros e monitorizar as suas intera\u00e7\u00f5es com esse conte\u00fado incorporado, caso tenha uma conta e esteja com sess\u00e3o iniciada nesses sites.<\/p><hr data-start=\"2701\" data-end=\"2704\" \/><h3 data-start=\"2706\" data-end=\"2758\">Utiliza\u00e7\u00e3o e transmiss\u00e3o dos seus dados pessoais<\/h3><p data-start=\"2760\" data-end=\"2886\"><strong data-start=\"2760\" data-end=\"2779\">Texto sugerido:<\/strong> Se solicitar a redefini\u00e7\u00e3o da sua palavra-passe, o seu endere\u00e7o IP ser\u00e1 inclu\u00eddo no e-mail de redefini\u00e7\u00e3o.<\/p><hr data-start=\"2888\" data-end=\"2891\" \/><h3 data-start=\"2893\" data-end=\"2934\">Per\u00edodo de conserva\u00e7\u00e3o dos seus dados<\/h3><p data-start=\"2936\" data-end=\"3169\"><strong data-start=\"2936\" data-end=\"2955\">Texto sugerido:<\/strong> Se deixar um coment\u00e1rio, o coment\u00e1rio e os respetivos metadados s\u00e3o conservados indefinidamente. Isto permite reconhecer e aprovar automaticamente coment\u00e1rios seguintes, em vez de os deixar numa fila de modera\u00e7\u00e3o.<\/p><p data-start=\"3171\" data-end=\"3513\">Para as contas que se registam no nosso site (quando aplic\u00e1vel), tamb\u00e9m armazenamos os dados pessoais fornecidos no respetivo perfil. Todos os utilizadores podem ver, editar ou eliminar as suas informa\u00e7\u00f5es pessoais a qualquer momento (com exce\u00e7\u00e3o do nome de utilizador). Os administradores do site tamb\u00e9m podem ver e editar essas informa\u00e7\u00f5es.<\/p><hr data-start=\"3515\" data-end=\"3518\" \/><h3 data-start=\"3520\" data-end=\"3560\">Os seus direitos sobre os seus dados<\/h3><p data-start=\"3562\" data-end=\"3943\"><strong data-start=\"3562\" data-end=\"3581\">Texto sugerido:<\/strong> Se tiver uma conta ou tiver deixado coment\u00e1rios neste site, pode solicitar a rece\u00e7\u00e3o de um ficheiro com todos os dados pessoais que temos sobre si, incluindo os dados que nos forneceu. Tamb\u00e9m pode solicitar a elimina\u00e7\u00e3o dos seus dados pessoais. Isto n\u00e3o inclui quaisquer dados que sejamos obrigados a conservar para fins administrativos, legais ou de seguran\u00e7a.<\/p><hr data-start=\"3945\" data-end=\"3948\" \/><h3 data-start=\"3950\" data-end=\"3990\">Para onde s\u00e3o enviados os seus dados<\/h3><p data-start=\"3992\" data-end=\"4135\" data-is-last-node=\"\" data-is-only-node=\"\"><strong data-start=\"3992\" data-end=\"4011\">Texto sugerido:<\/strong> Os coment\u00e1rios dos visitantes podem ser verificados atrav\u00e9s de um servi\u00e7o autom\u00e1tico de dete\u00e7\u00e3o de coment\u00e1rios indesejados.<\/p><p><!-- \/wp:paragraph --><\/p>\t\t\t\t\t\t\t\t<\/div>\n\t\t\t\t\t<\/div>\n\t\t\t\t<\/div>\n\t\t\t\t<\/div>\n\t\t","protected":false},"excerpt":{"rendered":"<p>Quem somos? Texto sugerido: O endere\u00e7o do nosso site \u00e9: https:\/\/chsaintbarth.fr. Coment\u00e1rios Texto sugerido: Quando deixa um coment\u00e1rio no nosso site, os dados inseridos no formul\u00e1rio de coment\u00e1rios, bem como o seu endere\u00e7o IP e o agente do utilizador do seu navegador, s\u00e3o recolhidos para nos ajudar a detetar coment\u00e1rios indesejados. Uma sequ\u00eancia anonimizada criada [&hellip;]<\/p>\n","protected":false},"author":1,"featured_media":0,"parent":0,"menu_order":0,"comment_status":"closed","ping_status":"closed","template":"elementor_header_footer","meta":{"_exactmetrics_skip_tracking":false,"_exactmetrics_sitenote_active":false,"_exactmetrics_sitenote_note":"","_exactmetrics_sitenote_category":0,"footnotes":""},"class_list":["post-1825","page","type-page","status-publish","hentry"],"_links":{"self":[{"href":"https:\/\/chsaintbarth.fr\/index.php?rest_route=\/wp\/v2\/pages\/1825","targetHints":{"allow":["GET"]}}],"collection":[{"href":"https:\/\/chsaintbarth.fr\/index.php?rest_route=\/wp\/v2\/pages"}],"about":[{"href":"https:\/\/chsaintbarth.fr\/index.php?rest_route=\/wp\/v2\/types\/page"}],"author":[{"embeddable":true,"href":"https:\/\/chsaintbarth.fr\/index.php?rest_route=\/wp\/v2\/users\/1"}],"replies":[{"embeddable":true,"href":"https:\/\/chsaintbarth.fr\/index.php?rest_route=%2Fwp%2Fv2%2Fcomments&post=1825"}],"version-history":[{"count":4,"href":"https:\/\/chsaintbarth.fr\/index.php?rest_route=\/wp\/v2\/pages\/1825\/revisions"}],"predecessor-version":[{"id":1832,"href":"https:\/\/chsaintbarth.fr\/index.php?rest_route=\/wp\/v2\/pages\/1825\/revisions\/1832"}],"wp:attachment":[{"href":"https:\/\/chsaintbarth.fr\/index.php?rest_route=%2Fwp%2Fv2%2Fmedia&parent=1825"}],"curies":[{"name":"wp","href":"https:\/\/api.w.org\/{rel}","templated":true}]}}