{"id":1097,"date":"2025-10-18T12:34:49","date_gmt":"2025-10-18T10:34:49","guid":{"rendered":"https:\/\/chsaintbarth.fr\/?page_id=1097"},"modified":"2026-03-13T17:08:20","modified_gmt":"2026-03-13T16:08:20","slug":"medecine","status":"publish","type":"page","link":"https:\/\/chsaintbarth.fr\/?page_id=1097","title":{"rendered":"M\u00e9decine"},"content":{"rendered":"\t\t<div data-elementor-type=\"wp-page\" data-elementor-id=\"1097\" class=\"elementor elementor-1097\">\n\t\t\t\t<div class=\"elementor-element elementor-element-a5b5695 e-flex e-con-boxed e-con e-parent\" data-id=\"a5b5695\" data-element_type=\"container\" data-e-type=\"container\">\n\t\t\t\t\t<div class=\"e-con-inner\">\n\t\t\t\t<div class=\"elementor-element elementor-element-f7de408 elementor-widget elementor-widget-cta\" data-id=\"f7de408\" data-element_type=\"widget\" data-e-type=\"widget\" data-settings=\"{&quot;layout_preset&quot;:&quot;showcase&quot;,&quot;layout_column_structure&quot;:&quot;33-66&quot;,&quot;content_position_vertical&quot;:&quot;center&quot;,&quot;image_horizontal_position&quot;:&quot;start&quot;,&quot;image_horizontal_position_tablet&quot;:&quot;start&quot;,&quot;image_horizontal_position_mobile&quot;:&quot;start&quot;,&quot;content_position_vertical_tablet&quot;:&quot;start&quot;,&quot;content_position_vertical_mobile&quot;:&quot;start&quot;,&quot;image_shape&quot;:&quot;sharp&quot;,&quot;primary_button_shape&quot;:&quot;default&quot;,&quot;secondary_button_shape&quot;:&quot;default&quot;,&quot;box_shape&quot;:&quot;sharp&quot;}\" data-widget_type=\"cta.default\">\n\t\t\t\t<div class=\"elementor-widget-container\">\n\t\t\t\t\t\t\t<div class=\"has-shape-sharp shape-type-box ehp-cta has-preset-showcase\">\n\t\t\t<div class=\"ehp-cta__overlay\"><\/div>\n\t\t\t<div class=\"has-column-structure-33-66  ehp-cta__elements-container has-image-position-start has-image-position-md-start has-image-position-sm-start\">\n\t\t\t\t\t\t\t<div class=\"ehp-image ehp-cta__image-container\">\n\t\t\t\t<img decoding=\"async\" class=\"ehp-image__img ehp-cta__img has-shape-sharp shape-type-image\" src=\"https:\/\/chsaintbarth.fr\/wp-content\/uploads\/2026\/03\/20251218_112220-scaled.jpg\" title=\"20251218_112220\" alt=\"20251218_112220\" loading=\"lazy\" \/>\t\t\t<\/div>\n\t\t\t\t\t<div class=\"ehp-cta__text-container\">\n\t\t\t<h2 class=\"ehp-cta__heading\">M\u00e9decine<\/h2>\t\t\t<div class=\"ehp-cta__ctas-container\">\n\t\t\t\t<div class=\"ehp-cta__buttons-wrapper\">\n\t\t\t\t\t\t\t\t\t\t\t\t<a class=\"has-shape-default shape-type-button ehp-button ehp-button--secondary ehp-cta__button ehp-cta__button--secondary is-type-button has-border\" href=\"https:\/\/chsaintbarth.fr\/?page_id=242\">\n\t\t\t\t\t<span class=\"ehp-button__text ehp-cta__button-text ehp-cta__button-text--secondary\">\n\t\t\tNous contacter\t\t\t\t<\/a>\n\t\t\t\t\t\t<\/div>\n\t\t\t<\/div>\n\t\t\t\t<\/div>\n\t\t\t\t\t<\/div>\n\t\t<\/div>\n\t\t\t\t\t\t<\/div>\n\t\t\t\t<\/div>\n\t\t\t\t\t<\/div>\n\t\t\t\t<\/div>\n\t\t<div class=\"elementor-element elementor-element-77f91d0 e-flex e-con-boxed e-con e-parent\" data-id=\"77f91d0\" data-element_type=\"container\" data-e-type=\"container\">\n\t\t\t\t\t<div class=\"e-con-inner\">\n\t\t\t\t<div class=\"elementor-element elementor-element-74e927d elementor-widget elementor-widget-text-editor\" data-id=\"74e927d\" data-element_type=\"widget\" data-e-type=\"widget\" data-widget_type=\"text-editor.default\">\n\t\t\t\t\t\t\t\t\t<h3 data-start=\"288\" data-end=\"313\">Pr\u00e9sentation g\u00e9n\u00e9rale<\/h3><p data-start=\"314\" data-end=\"648\">Le <strong data-start=\"317\" data-end=\"340\">service de m\u00e9decine<\/strong> du Centre Hospitalier Ir\u00e9n\u00e9e de Bruyn accueille les patients n\u00e9cessitant une prise en charge m\u00e9dicale hospitali\u00e8re pour des <strong data-start=\"465\" data-end=\"511\">pathologies aigu\u00ebs et chroniques courantes<\/strong>.<br data-start=\"512\" data-end=\"515\" \/>Avec une capacit\u00e9 de <strong data-start=\"536\" data-end=\"547\">10 lits<\/strong>, ce service assure des soins de proximit\u00e9, adapt\u00e9s aux besoins de la population de Saint-Barth\u00e9lemy.<\/p><p data-start=\"650\" data-end=\"849\">Notre objectif est de garantir \u00e0 chaque patient une prise en charge <strong data-start=\"718\" data-end=\"757\">personnalis\u00e9e, s\u00e9curis\u00e9e et humaine<\/strong>, en favorisant la continuit\u00e9 du parcours de soins et le retour \u00e0 domicile d\u00e8s que possible.<\/p><hr data-start=\"851\" data-end=\"854\" \/><h3 data-start=\"856\" data-end=\"872\">Nos missions<\/h3><p data-start=\"873\" data-end=\"911\">Le service prend en charge notamment :<\/p><ul data-start=\"913\" data-end=\"1209\"><li data-start=\"913\" data-end=\"943\"><p data-start=\"915\" data-end=\"943\">Les pathologies infectieuses<\/p><\/li><li data-start=\"944\" data-end=\"1033\"><p data-start=\"946\" data-end=\"1033\">Les affections respiratoires, digestives, cardiovasculaires et endocriniennes courantes<\/p><\/li><li data-start=\"1034\" data-end=\"1078\"><p data-start=\"1036\" data-end=\"1078\">Les d\u00e9compensations de maladies chroniques<\/p><\/li><li data-start=\"1079\" data-end=\"1119\"><p data-start=\"1081\" data-end=\"1119\">La surveillance clinique et biologique<\/p><\/li><li data-start=\"1120\" data-end=\"1153\"><p data-start=\"1122\" data-end=\"1153\"><span style=\"font-family: var( --e-global-typography-text-font-family ), Sans-serif; font-style: var( --e-global-typography-text-font-style ); letter-spacing: var( --e-global-typography-text-letter-spacing ); text-transform: var( --e-global-typography-text-text-transform ); text-decoration: var( --e-global-typography-text-text-decoration ); text-align: var(--text-align);\">La prise en charge m\u00e9dicale pour les patients \u00e2g\u00e9s ou fragiles<\/span><\/p><\/li><\/ul><p data-start=\"1211\" data-end=\"1412\">Chaque prise en charge est organis\u00e9e selon des <strong data-start=\"1258\" data-end=\"1280\">protocoles valid\u00e9s<\/strong> et des <strong data-start=\"1288\" data-end=\"1318\">recommandations nationales<\/strong>, en coordination avec les autres services du Centre Hospitalier et les acteurs du territoire.<\/p><hr data-start=\"1414\" data-end=\"1417\" \/><h3 data-start=\"1419\" data-end=\"1452\">Une \u00e9quipe pluridisciplinaire<\/h3><p data-start=\"1453\" data-end=\"1543\">La qualit\u00e9 des soins repose sur une <strong data-start=\"1489\" data-end=\"1528\">\u00e9quipe m\u00e9dicale et soignante d\u00e9di\u00e9e<\/strong>, compos\u00e9e de :<\/p><ul data-start=\"1545\" data-end=\"1762\"><li data-start=\"1545\" data-end=\"1597\"><p data-start=\"1547\" data-end=\"1597\">M\u00e9decins g\u00e9n\u00e9ralistes et sp\u00e9cialistes intervenants<\/p><\/li><li data-start=\"1598\" data-end=\"1616\"><p data-start=\"1600\" data-end=\"1616\">Infirmiers(\u00e8res)<\/p><\/li><li data-start=\"1617\" data-end=\"1637\"><p data-start=\"1619\" data-end=\"1637\">Aides-soignant(e)s<\/p><\/li><li data-start=\"1638\" data-end=\"1671\"><p data-start=\"1640\" data-end=\"1671\">Kin\u00e9sith\u00e9rapeute (selon besoin)<\/p><\/li><li data-start=\"1672\" data-end=\"1705\"><p data-start=\"1674\" data-end=\"1705\">Psychologue (sur sollicitation)<\/p><\/li><li data-start=\"1706\" data-end=\"1762\"><p data-start=\"1708\" data-end=\"1762\">Assistante sociale pour l\u2019accompagnement m\u00e9dico-social<\/p><\/li><\/ul><p data-start=\"1764\" data-end=\"1934\">L\u2019\u00e9quipe travaille en lien \u00e9troit avec les professionnels lib\u00e9raux et les structures de soins du territoire afin d\u2019assurer une <strong data-start=\"1891\" data-end=\"1933\">continuit\u00e9 de prise en charge optimale<\/strong>.<\/p><hr data-start=\"1936\" data-end=\"1939\" \/><h3 data-start=\"1941\" data-end=\"1980\">Une approche centr\u00e9e sur le patient<\/h3><p data-start=\"1981\" data-end=\"2013\">Notre service met l\u2019accent sur :<\/p><ul data-start=\"2015\" data-end=\"2316\"><li data-start=\"2015\" data-end=\"2056\"><p data-start=\"2017\" data-end=\"2056\">La <strong data-start=\"2020\" data-end=\"2056\">qualit\u00e9 et la s\u00e9curit\u00e9 des soins, conform\u00e9ment aux attends de la certification HAS<\/strong><\/p><\/li><li data-start=\"2057\" data-end=\"2115\"><p data-start=\"2059\" data-end=\"2115\">La <strong data-start=\"2062\" data-end=\"2079\">bientraitance<\/strong> et le respect des droits du patient<\/p><\/li><li data-start=\"2116\" data-end=\"2164\"><p data-start=\"2118\" data-end=\"2164\">La communication avec le patient et sa famille<\/p><\/li><li data-start=\"2165\" data-end=\"2247\"><p data-start=\"2167\" data-end=\"2247\">La pr\u00e9paration du <strong data-start=\"2185\" data-end=\"2206\">retour \u00e0 domicile<\/strong> ou de l\u2019orientation en structure adapt\u00e9e<\/p><\/li><li data-start=\"2248\" data-end=\"2316\"><p data-start=\"2250\" data-end=\"2316\">Le <strong data-start=\"2253\" data-end=\"2280\">maintien de l\u2019autonomie<\/strong>, notamment chez les personnes \u00e2g\u00e9es<\/p><\/li><\/ul><p data-start=\"2318\" data-end=\"2425\">Les proches sont encourag\u00e9s \u00e0 participer au projet de soins et \u00e0 rester en contact avec l&rsquo;\u00e9quipe soignante.<\/p><hr data-start=\"2427\" data-end=\"2430\" \/><h3 data-start=\"2432\" data-end=\"2461\">Admission et organisation<\/h3><p data-start=\"2462\" data-end=\"2506\">L\u2019admission au service de m\u00e9decine se fait :<\/p><ul data-start=\"2508\" data-end=\"2679\"><li data-start=\"2508\" data-end=\"2538\"><p data-start=\"2510\" data-end=\"2538\">Sur <strong data-start=\"2514\" data-end=\"2538\">orientation m\u00e9dicale<\/strong><\/p><\/li><li data-start=\"2539\" data-end=\"2578\"><p data-start=\"2541\" data-end=\"2578\">Depuis les <strong data-start=\"2552\" data-end=\"2578\">consultations externes<\/strong><\/p><\/li><li data-start=\"2579\" data-end=\"2628\"><p data-start=\"2581\" data-end=\"2628\">\u00c0 la suite d\u2019une prise en charge en <strong data-start=\"2617\" data-end=\"2628\">urgence<\/strong><\/p><\/li><li data-start=\"2629\" data-end=\"2679\"><p data-start=\"2631\" data-end=\"2679\">Sur coordination avec les m\u00e9decins du territoire<\/p><\/li><\/ul><p data-start=\"2681\" data-end=\"2789\">Un <strong data-start=\"2684\" data-end=\"2702\">bilan d\u2019entr\u00e9e<\/strong> est syst\u00e9matiquement r\u00e9alis\u00e9 afin d\u2019adapter le projet de soins aux besoins du patient.<\/p><hr data-start=\"2791\" data-end=\"2794\" \/><h3 data-start=\"2796\" data-end=\"2807\">Contact<\/h3><p data-start=\"2808\" data-end=\"2954\">\ud83d\udcde Standard de l\u2019h\u00f4pital : <i>0590 51 19 50<\/i><br data-start=\"2850\" data-end=\"2853\" \/>\ud83d\udce7 Service de M\u00e9decine<br data-start=\"2893\" data-end=\"2896\" \/>\ud83d\udccd Centre Hospitalier Ir\u00e9n\u00e9e de Bruyn \u2013 Saint-Barth\u00e9lemy<\/p><p data-start=\"2956\" data-end=\"3034\">Notre \u00e9quipe reste \u00e0 votre disposition pour tout renseignement compl\u00e9mentaire.<\/p>\t\t\t\t\t\t\t\t<\/div>\n\t\t\t\t\t<\/div>\n\t\t\t\t<\/div>\n\t\t\t\t<\/div>\n\t\t","protected":false},"excerpt":{"rendered":"<p>M\u00e9decine Nous contacter Pr\u00e9sentation g\u00e9n\u00e9rale Le service de m\u00e9decine du Centre Hospitalier Ir\u00e9n\u00e9e de Bruyn accueille les patients n\u00e9cessitant une prise en charge m\u00e9dicale hospitali\u00e8re pour des pathologies aigu\u00ebs et chroniques courantes.Avec une capacit\u00e9 de 10 lits, ce service assure des soins de proximit\u00e9, adapt\u00e9s aux besoins de la population de Saint-Barth\u00e9lemy. Notre objectif est [&hellip;]<\/p>\n","protected":false},"author":1,"featured_media":0,"parent":0,"menu_order":0,"comment_status":"closed","ping_status":"closed","template":"","meta":{"_exactmetrics_skip_tracking":false,"_exactmetrics_sitenote_active":false,"_exactmetrics_sitenote_note":"","_exactmetrics_sitenote_category":0,"footnotes":""},"class_list":["post-1097","page","type-page","status-publish","hentry"],"_links":{"self":[{"href":"https:\/\/chsaintbarth.fr\/index.php?rest_route=\/wp\/v2\/pages\/1097","targetHints":{"allow":["GET"]}}],"collection":[{"href":"https:\/\/chsaintbarth.fr\/index.php?rest_route=\/wp\/v2\/pages"}],"about":[{"href":"https:\/\/chsaintbarth.fr\/index.php?rest_route=\/wp\/v2\/types\/page"}],"author":[{"embeddable":true,"href":"https:\/\/chsaintbarth.fr\/index.php?rest_route=\/wp\/v2\/users\/1"}],"replies":[{"embeddable":true,"href":"https:\/\/chsaintbarth.fr\/index.php?rest_route=%2Fwp%2Fv2%2Fcomments&post=1097"}],"version-history":[{"count":19,"href":"https:\/\/chsaintbarth.fr\/index.php?rest_route=\/wp\/v2\/pages\/1097\/revisions"}],"predecessor-version":[{"id":1866,"href":"https:\/\/chsaintbarth.fr\/index.php?rest_route=\/wp\/v2\/pages\/1097\/revisions\/1866"}],"wp:attachment":[{"href":"https:\/\/chsaintbarth.fr\/index.php?rest_route=%2Fwp%2Fv2%2Fmedia&parent=1097"}],"curies":[{"name":"wp","href":"https:\/\/api.w.org\/{rel}","templated":true}]}}